ulate the greatest common divisor of 88 and q.
11
Suppose -h = -0*h + p + 36, 2*h = p - 78. Let i = h + 82. What is the greatest common divisor of 4 and i?
4
Let b(t) = -t**3 - 13*t**2 - t - 12. Let j be b(-13). Suppose 2*c + j - 9 = 0. Calculate the greatest common divisor of c and 6.
2
Suppose 49 = a + 10. Calculate the greatest common factor of 26 and a.
13
Let n(j) = j**3 + 17*j**2 + 15*j + 14. Let y be n(-16). What is the greatest common factor of 30 and y?
30
Suppose 3*k + 20 = 8. Let b = 0 - k. Suppose -4*j - 3*t + 616 = 0, 7*j - 4*j + b*t = 462. Calculate the highest common factor of 14 and j.
14
Let h be (5/15)/((-2)/(-36)). What is the highest common factor of h and 60?
6
Let v = 7 - -23. Calculate the greatest common factor of v and 210.
30
Let q = -48 + 51. Calculate the highest common divisor of q and 39.
3
Let z be 0 - (0 + (-18)/2). Calculate the greatest common divisor of 36 and z.
9
Let a(q) = 17*q. Let v be -3 + 0 + -3 + -2. Let k(s) = -s**2 - 9*s - 7. Let n be k(v). Let l be a(n). What is the highest common divisor of l and 51?
17
Let u = 20 - 11. Calculate the greatest common factor of u and 63.
9
Let q(r) = 5*r**2 - 1. Let j be q(1). Suppose -2*d + 3*z + 26 = 0, 2*d + 0*d - 34 = 5*z. Let t = 11 - d. Calculate the greatest common factor of j and t.
4
Suppose -p = -11 - 4. Let u = -3 + 5. Suppose -4*w = 3*g - 651, 7*w + g = u*w + 822. What is the highest common divisor of p and w?
15
Suppose -5*v + 436 = -39. Let j(n) = -n**3 + 9*n**2 - 5*n - 5. Let x be j(8). What is the greatest common divisor of x and v?
19
Let z = 105 + -42. Suppose 5*p = a + 3*a + 1435, 15 = 3*a. Let g be p/33 + (-6)/(-33). Calculate the highest common divisor of z and g.
9
Let t(k) be the second derivative of k**4/2 + 5*k**3/6 + 7*k**2/2 - k. Let s be t(-5). Suppose 0 = -v + 18 - 6. What is the greatest common factor of v and s?
12
Let v = 15 - 13. Suppose -5*j + 2*j = c - 13, -v*j - 66 = -4*c. What is the greatest common divisor of c and 2?
2
Suppose -3*z + 115 + 149 = 0. Suppose 8 = -0*h + h. Calculate the greatest common divisor of z and h.
8
Let k be (-3)/((-3)/2) + 0. Suppose k*o + 3*o = 35. Suppose -2*z = -o*z - 5*u + 10, -3*u = 15. What is the greatest common divisor of z and 14?
7
Let l(n) = -n**2 - 7*n + 3. Let q be l(-7). Suppose -18 = -x - d - 0, q*x - 4*d - 33 = 0. Calculate the highest common divisor of 120 and x.
15
Let o be (-111)/(-9) + 3/(-9). Let x = o - 7. Let i(j) = j**3 + 6*j**2 - 4*j - 4. Let b be i(-6). What is the greatest common factor of b and x?
5
Let x be -5 - -3 - (1 - -9). Let b be (3/(-4))/(3/x). Suppose 0*j + 27 = b*j. Calculate the greatest common divisor of 6 and j.
3
Suppose 3*v - 7*v + 92 = 0. Suppose 0 = 3*q - 0*q - 69. What is the greatest common divisor of v and q?
23
Let a(x) = 2*x**2 + 10*x + 9. Let b be a(-6). Calculate the greatest common factor of 7 and b.
7
Suppose 0 = 3*i - 2*i - 24. Calculate the highest common factor of i and 16.
8
Suppose -3*m - 20 = -200. What is the greatest common factor of 6 and m?
6
Let k(g) = 3*g**2 + 5*g + 2. Let q be k(-4). Suppose -n + 1 = -9. Calculate the highest common factor of q and n.
10
Suppose 0 = -30*h + 29*h + 21. What is the highest common factor of h and 3?
3
Let r = -19 - -28. Let f = 13 - r. Suppose 0 = -4*z - 12, -5*k + 8 = -0*z + 4*z. Calculate the greatest common divisor of k and f.
4
Let a = 21 + 0. Let o(s) = s**2 + s. Let k be o(1). Suppose 3*i - k = b, 3*b + 2*i - 6*i - 9 = 0. Calculate the greatest common factor of b and a.
7
Let o(a) = -a**2 - 12*a + 16. Let s be -2 + -14 - 1*-3. Let m be o(s). Suppose -m*u + 109 = -35. What is the greatest common divisor of u and 6?
6
Let k = 1 + 2. Let n(h) = -10*h**2 + 3*h - 2. Let f be n(2). Let b be f/(-21) - (-4)/14. What is the greatest common factor of b and k?
1
Suppose -5*l = 2*u - 45, 4*l - 2*u - 54 = -0*u. What is the highest common factor of l and 1?
1
Let m = -52 + 83. Suppose -b + 16 = 2*j, b + 2*j - 3*j - m = 0. Suppose v - 4*p = 29, 0*p - 2*p - 60 = -4*v. What is the highest common factor of v and b?
13
Let c(p) = 2*p**2 - 6*p - 1. Let o be c(6). Calculate the greatest common divisor of 175 and o.
35
Suppose -2*y = -y - 2. Suppose -y*l = -3*k - 57, 42 = 2*l - 0*l + 2*k. Let n = 35 - l. What is the highest common factor of 88 and n?
11
Let j = 7 + 128. Let k be 1 - 4/(-2) - -12. What is the greatest common factor of k and j?
15
Suppose -3*j + 28 + 35 = 0. Calculate the highest common divisor of j and 35.
7
Suppose 154 = k - 4*j, 6*j - 2*j = 0. Suppose 0*w = 6*w - 30. Let p be -4 - (-3 + w*-3). Calculate the highest common factor of k and p.
14
Suppose -4*y + 15 = -21. Let j(h) = -h**2 + 9*h + 7. Let v be j(y). Calculate the greatest common factor of v and 7.
7
Let s be (3/2 + -2)*-8. What is the highest common factor of 28 and s?
4
Let x = 10 - -1. Let w be 1 + -1 + -1 + x. What is the greatest common factor of 2 and w?
2
Suppose 0*c + 495 = 5*c. Calculate the highest common factor of 11 and c.
11
Suppose 0 = 3*b - 3 - 3. Suppose -5*k - 7 = 3*t, 6*t - t = -4*k - 16. Suppose i - 3 = k. Calculate the highest common divisor of i and b.
2
Let m = 2 + 2. Let j(v) be the second derivative of v**3 - v. Let a be j(6). What is the greatest common factor of a and m?
4
Let o(i) = -i. Let p be o(-1). Let g be ((-7)/3)/(p/(-24)). Let j = -5 + 13. What is the greatest common divisor of g and j?
8
Let d = 0 - -15. Let j be 5/10*1*8. Let v be j/10 - 2469/(-15). Calculate the highest common factor of d and v.
15
Let n be (-1 - 2) + 5 + 0. What is the greatest common factor of n and 5?
1
Suppose -2*g = -9*g + 840. What is the highest common factor of g and 15?
15
Suppose -a - 5*a = -6. Suppose -10 = 3*t - 22. What is the greatest common divisor of t and a?
1
Let n(b) = -2*b**2 - 2*b + 1. Let m be n(-2). Let h = -275 + 194. Let w be 3/(-1) + h/m. What is the greatest common factor of w and 8?
8
Let l be (-1)/(-4) + 10/(-40). Suppose 5*x = -q - 4*q + 45, -2*x - 6 = l. What is the greatest common factor of q and 24?
12
Suppose -2*f = 6, -2*g + f = -4*g + 11. Suppose -5*t + 381 = 2*l, g*t = -2*l + 3*t + 384. What is the greatest common factor of 18 and l?
18
Suppose 0 = 8*w - 97 - 95. What is the highest common factor of 120 and w?
24
Let i be 2/5 - (-16)/10. Let p be (-1 - (-3 + 10))/(-2). What is the greatest common divisor of i and p?
2
Let r be 2/8 - (-1150)/8. Let f(l) = -l**3 + 12*l**2 + 15*l - 8. Let v be f(13). Calculate the highest common divisor of r and v.
18
Let d = -2 - -9. Calculate the greatest common divisor of d and 28.
7
Let r(t) = t**3 - 3*t**2 - 4*t - 8. Let k = -7 - -14. Let a be r(k). Calculate the highest common divisor of a and 20.
20
Let l = 3 - 0. Suppose -4*k = -l*k - 2. What is the greatest common divisor of 3 and k?
1
Suppose 3*a - 11 - 34 = 0. Suppose -2*u = u - a. Calculate the highest common divisor of 40 and u.
5
Suppose -2*f + 3*f = -2, -5*f - 25 = -5*g. Calculate the highest common divisor of 15 and g.
3
Let k(a) = -5*a + 52. Let o be k(8). What is the greatest common factor of o and 36?
12
Suppose -15*i + 13*i = -2. Let t(o) = -o**2 - 12*o - 9. Let l be t(-11). What is the highest common factor of l and i?
1
Suppose 2*s - 50 = -4*f, 3*f - 4*s + s = 24. Calculate the highest common divisor of f and 121.
11
Suppose 4*j - 678 = -74. Suppose 0 = -3*f + j + 119. What is the highest common factor of f and 18?
18
Let f be -2 - (-4 - (-1 + 3)). Suppose -d - 5 = -5*w + 5, 0 = -f*d. Suppose -82 = -w*b + 114. What is the highest common factor of b and 14?
14
Let c be ((-12)/(-3))/(4/18). Calculate the greatest common factor of c and 63.
9
Let w(y) = -9*y + 9. Let q be w(-3). Calculate the highest common divisor of q and 9.
9
Suppose 5*y = -i - 18, -4*i + 0*y + 24 = -4*y. Let c = i + 24. Suppose 128 = 4*g - a, 3*a = 3*g + c - 113. What is the highest common factor of g and 22?
11
Let a = 33 + -22. Suppose 0 = -4*m + a + 13. What is the highest common factor of 9 and m?
3
Let y be 2 - -13*(-2 + 3). Calculate the greatest common factor of y and 15.
15
Let n = -14 + 14. Suppose 3*c = n, -4*c - 12 = -u - 0*u. Calculate the highest common factor of u and 48.
12
Let n be (-268)/(-6) - (-4)/(-6). Let g(h) = h**2 + 5*h - 13. Let k be g(3). Calculate the highest common divisor of n and k.
11
Let g be 231/(-1)